d y.
4
Let l be 22/5 + 10/(-25). Suppose m + 1 = n, 4*n - 3*m - l = 1. Let y be n/3 + (-232)/(-12). What is the highest common factor of y and 50?
10
Suppose -3*q = 2*y - 5, -q - 55 = -5*y - 0*q. What is the greatest common factor of y and 70?
10
Suppose -4*z + 4 = -4. Suppose -3*b + 5 = z, -k = 3*b - 15. Calculate the greatest common factor of k and 18.
6
Let g be 2/(-4) - 5/(-10). Suppose g = 5*y - 742 + 147. Let p be (-6)/(-24) - y/(-4). What is the greatest common divisor of 20 and p?
10
Let q be ((-6)/2 + 21)*1. Let n be -8*2 - 0/(-2). Let v = n + 43. What is the highest common divisor of q and v?
9
Suppose h - 3*n - 7 = -h, -5 = -5*h - 5*n. Suppose 0 = -3*q + h*q + 36. Suppose 0*c + 4*c = q. What is the highest common factor of c and 81?
9
Let t = -2 - -3. Let a = t + 11. Calculate the highest common factor of 30 and a.
6
Let j(w) = -w**3 - 4*w**2 + 2*w - 5. Let t be j(-5). Let r(l) = l**3 + 10*l**2 - 7*l + 10. Let i be r(-10). Calculate the greatest common factor of i and t.
10
Let v be 1/2*(0 - -162). Suppose 25 = c + 4*c. Let y be 24/(c - 2) + 1. Calculate the greatest common divisor of y and v.
9
Let p(d) = -d - 3. Let j be p(-7). Suppose 91 = j*b - 125. What is the greatest common factor of 6 and b?
6
Let n(t) be the second derivative of t**4/12 + 42*t**2 + 4*t. Let u be n(0). What is the greatest common factor of 12 and u?
12
Let b(q) = -q + 12. Let y be b(5). Suppose -1 = s + 3*j - 15, -2*j = 0. Calculate the greatest common divisor of s and y.
7
Suppose -3*z = r - 9 - 3, 5*r = -2*z + 21. Suppose z*y = -y + 88. Calculate the highest common divisor of 66 and y.
22
Let h(c) = 2*c - 5. Let o be h(6). Calculate the greatest common factor of 63 and o.
7
Suppose 0 = -5*q - 0*a + 4*a + 45, 0 = -3*q + 5*a + 40. Suppose -2*v + 328 = q*m, m = 3*v + 42 + 27. Calculate the greatest common factor of 44 and m.
22
Suppose 0 = 2*p - 125 - 37. What is the greatest common divisor of 9 and p?
9
Let q(h) = 9*h + 2. Let t be q(1). Calculate the highest common factor of t and 121.
11
Let l(v) be the second derivative of v**5/20 - v**4/3 + 2*v**3/3 - v**2 - 2*v. Let r be l(4). Let q = -5 + r. Calculate the highest common factor of q and 9.
9
Let x be 14/3*(-6)/(-4). Let d be (-576)/(-28) + (-4)/x. Calculate the greatest common factor of 5 and d.
5
Let n be (-36)/6*5*-1. What is the highest common divisor of n and 15?
15
Suppose -h - 1 = -3. Let r = h + 7. Suppose z = -2*a + 78 + 31, 5*z - 113 = -2*a. Calculate the highest common factor of a and r.
9
Let n(r) = 2*r + 4. Suppose -19 = -4*q + 9. Let x be n(q). What is the greatest common divisor of x and 6?
6
Suppose -4*n = -4*x - 84, -4*n - 4*x = -7*n + 63. What is the highest common divisor of n and 42?
21
Suppose 5*f + 119 = 4*y, 4*y - 84 = -f + 17. Calculate the greatest common divisor of y and 13.
13
Suppose 0 = 3*w - 7 - 5. Let k(s) = 4*s + 17. Let r be k(-4). Calculate the greatest common factor of w and r.
1
Let b(d) = 2*d - 6. Let r be b(7). Let w(x) = -x + 1. Let y be w(7). Let g = 14 + y. Calculate the highest common factor of r and g.
8
Let i = 48 - -24. Calculate the highest common factor of 9 and i.
9
Let i be 13 - (-1 - (1 + -3)). Let h = i - 2. Calculate the highest common divisor of 110 and h.
10
Suppose -5*k - g = -0*g - 29, 3*k - 3 = 3*g. Let j be ((-15)/9)/(1 - (-10)/(-9)). What is the highest common divisor of k and j?
5
Suppose -5*w + 3*p = -3, 0*p - 1 = 5*w + p. Let z(o) = o**2 - o - 2. Let u be z(w). Let g be u/(1/(-22) - 0). What is the highest common divisor of 11 and g?
11
Suppose 0 = -0*j - 2*j. Let x(u) = -u**2 + u + 21. Let t be x(j). Let r be (-112)/6*(-27)/12. Calculate the greatest common factor of t and r.
21
Let x = -14 + -103. Let s = 88 - x. Suppose 4*a = -s + 645. What is the highest common divisor of 22 and a?
22
Suppose o - 37 = -3*q + 2*o, 4*q + 3*o - 32 = 0. Let h = 26 - q. Calculate the highest common factor of h and 60.
15
Let k = -3 - -9. Let l(a) = a**3 - 6*a**2 + 6*a. Let g be l(k). Calculate the greatest common factor of g and 90.
18
Suppose 4*k + l = 139, -3*k - 5*l = -65 - 52. Calculate the greatest common factor of 238 and k.
34
Let f be (-31)/(-2) + (-6)/(-12). Let u = 44 - f. Let d(a) = 8*a - 1. Let r be d(1). What is the greatest common factor of u and r?
7
Let v = -7 + 26. Calculate the greatest common factor of 133 and v.
19
Suppose 68*y + 111 = 71*y. What is the greatest common divisor of 259 and y?
37
Let q be (3 - -17)*(-82)/(-8). What is the greatest common divisor of 41 and q?
41
Suppose 4*s = 3*s - 276. Let t = s + 386. What is the greatest common factor of t and 10?
10
Let k be (-4)/(-2 - (-4 - -4)). What is the greatest common factor of k and 2?
2
Let o be ((-2)/((-4)/9))/(10/40). Calculate the highest common factor of o and 36.
18
Suppose -3*r = -4*n + n - 75, 2*n - 10 = -r. Let s = -29 - -41. Let q = s + -8. Calculate the highest common factor of r and q.
4
Let k be 8/(-6)*6/(-4). Suppose -3*m = -k - 64. Calculate the highest common factor of m and 55.
11
Let o = 2 - -6. Calculate the highest common divisor of 56 and o.
8
Let b = 120 - 27. Let y be 4/(-6)*60/(-8). Suppose -y*a = b - 548. Calculate the greatest common divisor of a and 13.
13
Suppose 5*u - 185 = -4*k, -3*u = 2*k - 0*u - 95. Calculate the greatest common divisor of 8 and k.
8
Suppose 2*c = -2*c + 24. Let p = c - -14. Calculate the highest common factor of p and 50.
10
Let i be (-2)/7 - 48/(-21). Suppose -i*d = d - 78. Let y = 29 + d. What is the greatest common factor of y and 22?
11
Suppose 0 = 11*o - 219 - 309. What is the highest common divisor of 12 and o?
12
Let n(a) = 14*a + 1. Let y be n(7). What is the greatest common divisor of 11 and y?
11
Let m be (-4466)/(-35) + 2/5. Calculate the greatest common divisor of 16 and m.
16
Let d(g) = 3*g**2 - 10*g - 10. Let r be d(5). Calculate the highest common factor of r and 15.
15
Let d(j) = -j**3 - 2*j**2. Let p be d(-4). Calculate the greatest common divisor of 48 and p.
16
Let q(h) = h**3 - 3*h**2 + h - 1. Let g be q(3). Suppose -c - g*c = -3. Let d = 8 - 6. Calculate the highest common factor of c and d.
1
Let y(v) = 7*v**2 + 2*v - 2. Let b be y(2). Let k(g) = g + 22. Let u be k(-10). Calculate the highest common divisor of b and u.
6
Let g(k) = k**2 - 24*k - 6. Let z be g(25). What is the highest common factor of 19 and z?
19
Let t be (-2 - (-5 - -2)) + 299. Let u = t + -200. Let o = -4 + u. Calculate the greatest common factor of o and 12.
12
Suppose 5*n = s + 2*s + 16, 12 = n - 5*s. Suppose 0 = -5*i + 25, -73 = -5*p + p - i. Suppose 15 = n*q - p. Calculate the highest common factor of q and 2.
2
Suppose 13*w = 21*w - 1080. Suppose -5*t + 75 = -0*t. Calculate the highest common factor of w and t.
15
Suppose -14 = 28*o - 29*o. Calculate the highest common factor of o and 7.
7
Let c be (11 - 15) + (1 - -6). Suppose -4*k + 4*r = 0, 0 = -4*k + c*r + 2*r - 1. Calculate the highest common factor of 5 and k.
1
Let r = -9 - -3. Let u(h) = -h - 11. Let t be u(r). Let y = 17 + t. Calculate the highest common divisor of 60 and y.
12
Let u(q) = q**2 + 15*q + 58. Let m be u(-7). Let r(h) = h**2 + 6*h + 8. Let o be r(-6). Calculate the greatest common factor of m and o.
2
Suppose -s = -4*v + 69 - 457, v + 104 = 2*s. Let b = -6 - v. Suppose 0 = -3*y - 0*y + b. Calculate the greatest common factor of y and 75.
15
Let g be (2/(-4))/(1/(-114)). Let q(a) = 2*a**3 - 3*a**2 + 6*a - 7. Let u be q(3). Calculate the greatest common factor of g and u.
19
Suppose s - 2 = 2*n, -5*n - s = -4*s + 3. Let y be (0 - 6)*-2 + n. What is the greatest common factor of 99 and y?
9
Suppose 3*h - 4 = -h. Let o = 11 - h. Let t be (-54)/(-4) - 5/o. What is the greatest common factor of 26 and t?
13
Suppose -u - 3*u = 0. Suppose 5*t - 6*t + 54 = u. What is the highest common factor of 18 and t?
18
Suppose -4*v - 95 = 377. Let r = v - -166. Calculate the greatest common factor of 12 and r.
12
Let z = 0 - 0. Let g = z + 9. What is the highest common factor of 63 and g?
9
Let m(z) = 16*z - 1. Let s be m(1). What is the greatest common factor of s and 10?
5
Let u = 35 - 33. Let q(s) = 2*s**2 - 4*s + 2. Let p be q(2). What is the greatest common divisor of p and u?
2
Let u = 80 + -56. What is the highest common factor of 408 and u?
24
Suppose -u = -h - 9, -2*u + h +